r of 20 and 3110?
10
Calculate the greatest common divisor of 3937 and 31.
31
What is the greatest common divisor of 528 and 96?
48
Calculate the greatest common factor of 623 and 2670.
89
What is the highest common divisor of 1070 and 320?
10
What is the greatest common divisor of 559 and 43?
43
What is the highest common divisor of 57 and 15?
3
What is the highest common factor of 80 and 1392?
16
What is the highest common divisor of 81 and 2511?
81
Calculate the highest common divisor of 333 and 81.
9
Calculate the greatest common factor of 160 and 300.
20
Calculate the highest common factor of 3415 and 20.
5
What is the highest common factor of 3819 and 57?
57
What is the greatest common factor of 382 and 2?
2
Calculate the highest common divisor of 5865 and 153.
51
What is the greatest common factor of 848 and 16?
16
Calculate the highest common factor of 252 and 144.
36
What is the highest common divisor of 1118 and 86?
86
What is the highest common divisor of 175 and 28?
7
What is the greatest common factor of 247 and 95?
19
Calculate the greatest common divisor of 76 and 2451.
19
What is the highest common divisor of 30 and 190?
10
What is the greatest common factor of 1426 and 62?
62
What is the highest common divisor of 3828 and 8?
4
Calculate the highest common divisor of 48 and 392.
8
What is the highest common factor of 244 and 8662?
122
What is the greatest common factor of 25 and 7?
1
Calculate the highest common divisor of 132 and 12.
12
Calculate the greatest common divisor of 2370 and 632.
158
Calculate the highest common factor of 58 and 10498.
58
What is the highest common divisor of 34 and 646?
34
What is the greatest common factor of 1276 and 132?
44
Calculate the greatest common factor of 91 and 78.
13
Calculate the highest common factor of 3040 and 5510.
190
Calculate the highest common divisor of 884 and 17.
17
Calculate the greatest common factor of 39 and 975.
39
Calculate the highest common factor of 1058 and 92.
46
What is the greatest common divisor of 332 and 16?
4
What is the greatest common factor of 22 and 1078?
22
Calculate the highest common divisor of 275 and 231.
11
What is the greatest common divisor of 13 and 13?
13
What is the greatest common factor of 23 and 575?
23
Calculate the greatest common divisor of 1920 and 30.
30
What is the highest common factor of 252 and 2366?
14
What is the greatest common factor of 46 and 46?
46
Calculate the highest common factor of 345 and 276.
69
What is the greatest common divisor of 68 and 8704?
68
Calculate the highest common divisor of 41 and 8077.
41
Calculate the highest common divisor of 2816 and 55.
11
Calculate the greatest common divisor of 110 and 275.
55
What is the highest common factor of 46 and 368?
46
Calculate the highest common factor of 56 and 42.
14
What is the greatest common factor of 1725 and 46?
23
Calculate the greatest common divisor of 57 and 9.
3
Calculate the greatest common factor of 460 and 40.
20
What is the highest common factor of 190 and 1235?
95
Calculate the highest common factor of 632 and 1185.
79
Calculate the highest common divisor of 411 and 3.
3
Calculate the greatest common divisor of 2148 and 12.
12
What is the highest common factor of 225 and 45?
45
What is the greatest common factor of 19 and 2?
1
Calculate the highest common factor of 1398 and 8621.
233
What is the greatest common factor of 220 and 180?
20
What is the highest common factor of 60 and 1335?
15
Calculate the greatest common divisor of 952 and 51.
17
Calculate the highest common factor of 2 and 662.
2
Calculate the greatest common divisor of 129 and 1462.
43
Calculate the greatest common divisor of 92 and 253.
23
Calculate the greatest common divisor of 7423 and 13.
13
What is the greatest common factor of 20 and 610?
10
What is the highest common factor of 25305 and 15?
15
What is the greatest common factor of 6 and 78?
6
Calculate the greatest common factor of 1963 and 151.
151
Calculate the greatest common factor of 5992 and 56.
56
What is the highest common factor of 1363 and 174?
29
What is the greatest common factor of 150 and 125?
25
Calculate the greatest common divisor of 48 and 48.
48
What is the greatest common divisor of 27 and 2?
1
Calculate the greatest common divisor of 1728 and 1350.
54
What is the highest common divisor of 120 and 165?
15
Calculate the highest common factor of 1554 and 420.
42
What is the greatest common factor of 210 and 2370?
30
What is the highest common divisor of 910 and 4?
2
Calculate the highest common divisor of 920 and 2530.
230
Calculate the greatest common divisor of 329 and 188.
47
What is the greatest common factor of 4982 and 752?
94
Calculate the greatest common divisor of 704 and 616.
88
Calculate the greatest common divisor of 54 and 522.
18
What is the highest common factor of 7 and 7?
7
What is the highest common factor of 213 and 1349?
71
Calculate the highest common factor of 33 and 1177.
11
What is the highest common factor of 5984 and 836?
44
Calculate the greatest common divisor of 1704 and 228.
12
What is the greatest common factor of 4017 and 206?
103
What is the highest common factor of 1643 and 31?
31
What is the highest common divisor of 252 and 3717?
63
Calculate the highest common divisor of 32 and 13520.
16
What is the greatest common factor of 24 and 284?
4
Calculate the highest common factor of 189 and 27.
27
What is the greatest common factor of 22 and 11?
11
What is the greatest common factor of 7656 and 116?
116
What is the greatest common factor of 286 and 104?
26
Calculate the highest common factor of 98 and 441.
49
Calculate the greatest common factor of 1406 and 19.
19
Calculate the greatest common divisor of 53 and 7.
1
What is the greatest common factor of 3457 and 1?
1
What is the highest common divisor of 7194 and 436?
218
Calculate the greatest common factor of 155 and 1426.
31
What is the greatest common divisor of 2976 and 2046?
186
Calculate the greatest common factor of 384 and 72.
24
Calculate the highest common divisor of 3087 and 54.
9
Calculate the highest common factor of 37 and 10175.
37
What is the highest common factor of 162 and 1161?
27
Calculate the highest common factor of 861 and 1353.
123
Calculate the greatest common factor of 45 and 1125.
45
What is the greatest common divisor of 15 and 615?
15
What is the highest common factor of 22 and 1298?
22
What is the highest common divisor of 935 and 220?
55
What is the greatest common factor of 156 and 39?
39
What is the highest common factor of 530 and 1090?
10
Calculate the highest common factor of 512 and 16.
16
What is the greatest common divisor of 120 and 45?
15
What is the highest common divisor of 20 and 12020?
20
Calculate the highest common divisor of 3 and 4251.
3
What is the greatest common factor of 12 and 5484?
12
What is the greatest common factor of 129 and 3?
3
Calculate the highest common factor of 40 and 210.
10
Calculate the greatest common factor of 1045 and 3705.
95
What is the greatest common factor of 64 and 832?
64
Calculate the highest common factor of 972 and 405.
81
Calculate the highest common factor of 1037 and 34.
17
Calculate the highest common factor of 1712 and 535.
107
Calculate the greatest common divisor of 85 and 7616.
17
What is the greatest common divisor of 841 and 1?
1
Calculate the greatest common divisor of 39 and 273.
39
What is the highest common factor of 234 and 126?
18
Calculate the highest common divisor of 500 and 780.
20
Calculate the greatest common divisor of 153 and 17.
17
Calculate the highest common divisor of 1974 and 84.
42
What is the greatest common factor of 4 and 199?
1
What is the highest common divisor of 75 and 1830?
15
What is the greatest common divisor of 26 and 130?
26
Calculate the greatest common divisor of 2054 and 2291.
79
What is the greatest common factor of 1 and 3270?
1
What is the greatest common factor of 129 and 344?
43
Calculate the greatest common factor of 128 and 96.
32
What is the greatest common divisor of 8 and 652?
4
Calculate the highest common divisor of 56 and 216.
8
Calculate the greatest common divisor of 47 and 1927.
47
Calculate the greatest common divisor of 21 and 1281.
21
What is the greatest common divisor of 28 and